{"id":2213,"date":"2020-09-28T21:22:56","date_gmt":"2020-09-29T00:22:56","guid":{"rendered":"https:\/\/pepm-sal.infd.edu.ar\/sitio\/?page_id=2213"},"modified":"2020-10-06T17:49:42","modified_gmt":"2020-10-06T20:49:42","slug":"profesorado-de-buiologia-setiembre","status":"publish","type":"page","link":"https:\/\/pepm-sal.infd.edu.ar\/sitio\/profesorado-de-buiologia-setiembre\/","title":{"rendered":"Actividades NO presenciales &#8211; BIOLOGIA (SETIEMBRE)"},"content":{"rendered":"<table>\n<tbody>\n<tr>\n<th>Curso<\/th>\n<th>Profe<\/th>\n<th>Materia<\/th>\n<th>Actividades (SETIEMBRE)<\/th>\n<th><\/th>\n<th><\/th>\n<th><\/th>\n<th><\/th>\n<th><\/th>\n<\/tr>\n<tr>\n<td>1\u00ba<\/td>\n<td>ARIEL MU\u00d1OZ<\/td>\n<td>Pedagog\u00eda<\/td>\n<th><\/th>\n<th><\/th>\n<th><\/th>\n<th><\/th>\n<th><\/th>\n<th><\/th>\n<\/tr>\n<tr>\n<td>1\u00ba<\/td>\n<td>NATALIA AUTINO<\/td>\n<td>Did\u00e1ctica Gral.<\/td>\n<th><a href=\"https:\/\/pepm-sal.infd.edu.ar\/sitio\/wp-content\/uploads\/2020\/09\/1-a\u00f1o-PROFE-EN-BIOLOG\u00cdA-PROGRAMACI\u00d3N-SEPTIEMBRE-DIDACTICA-GRAL-1ER-A\u00d1O-NATALIA-AUTINO.pdf\">1 a\u00f1o PROFE EN BIOLOG\u00cdA-PROGRAMACI\u00d3N SEPTIEMBRE- DIDACTICA GRAL- 1ER A\u00d1O- NATALIA AUTINO<\/a><\/p>\n<p>&nbsp;<\/p>\n<p><a href=\"https:\/\/pepm-sal.infd.edu.ar\/sitio\/wp-content\/uploads\/2020\/09\/1-ro-PROF-BIOLOG\u00cdA-PROGRAMACION-SEPTIEMBRE-1-DICATICA-GENERAL-1RO-NATALIA-AUTINO.pdf\">1 ro PROF BIOLOG\u00cdA- PROGRAMACION SEPTIEMBRE 1-DICATICA GENERAL 1RO- NATALIA AUTINO<\/a><\/th>\n<th><\/th>\n<th><\/th>\n<th><\/th>\n<th><\/th>\n<th><\/th>\n<\/tr>\n<tr>\n<td>1\u00ba<\/td>\n<td><\/td>\n<td>Psicolog\u00eda Educacional<\/td>\n<th><\/th>\n<th><\/th>\n<th><\/th>\n<th><\/th>\n<th><\/th>\n<th><\/th>\n<\/tr>\n<tr>\n<td>1\u00ba<\/td>\n<td>JOSE MEVORAS<\/td>\n<td>Lectura y Escritura Acad\u00e9mica<\/td>\n<th><a href=\"https:\/\/pepm-sal.infd.edu.ar\/sitio\/wp-content\/uploads\/2020\/09\/1-a\u00f1o-Prof.Biolog\u00eda_Programamci\u00f3n-septiembre_Lectura-y-escritura_1er-a\u00f1o_Prof.-Claudia-D\u00edaz.pdf\">1 a\u00f1o Prof.Biolog\u00eda_Programamci\u00f3n septiembre_Lectura y escritura_1er a\u00f1o_Prof. Claudia D\u00edaz<\/a><\/th>\n<th><\/th>\n<th><\/th>\n<th><\/th>\n<th><\/th>\n<th><\/th>\n<\/tr>\n<tr>\n<td>1\u00ba<\/td>\n<td>GIMENA FERNANDEZ<\/td>\n<td>Biolog\u00eda General<\/td>\n<th><a href=\"https:\/\/pepm-sal.infd.edu.ar\/sitio\/wp-content\/uploads\/2020\/09\/1-a\u00f1o-PROF.-BIOLOGIA-PROGRAMACI\u00d3N-SEPTIEMBRE-BIOLOGIA-GENERAL-1ERA\u00d1O-FERNANDEZ-GIMENA.pdf\">1 a\u00f1o PROF. BIOLOGIA-PROGRAMACI\u00d3N SEPTIEMBRE-BIOLOGIA GENERAL 1ERA\u00d1O-FERNANDEZ GIMENA<\/a><\/th>\n<th><\/th>\n<th><\/th>\n<th><\/th>\n<th><\/th>\n<th><\/th>\n<\/tr>\n<tr>\n<td>1\u00ba<\/td>\n<td>NOELIA SILVA<\/td>\n<td>Matem\u00e1tica y Estad\u00edstica<\/td>\n<th><\/th>\n<th><\/th>\n<th><\/th>\n<th><\/th>\n<th><\/th>\n<th><\/th>\n<\/tr>\n<tr>\n<td>1\u00ba<\/td>\n<td>NOELIA MU\u00d1OZ<\/td>\n<td>Qu\u00edmica General<\/td>\n<th><a href=\"https:\/\/pepm-sal.infd.edu.ar\/sitio\/wp-content\/uploads\/2020\/09\/1-a\u00f1o-Prof-en-Biologia.Programaci\u00f3n-septiembre.-Quimica-Gral.-1er-a\u00f1o.-Prof-Noelia-Mu\u00f1oz.pdf-1.pdf\">1 a\u00f1o Prof en Biologia.Programaci\u00f3n septiembre. Quimica Gral. 1er a\u00f1o. Prof Noelia Mu\u00f1oz.pdf (1)<\/a><\/th>\n<th><\/th>\n<th><\/th>\n<th><\/th>\n<th><\/th>\n<th><\/th>\n<\/tr>\n<tr>\n<td>1\u00ba<\/td>\n<td>GIMENA FERNANDEZ<\/td>\n<td>F\u00edsica Aplicada a la Biolog\u00eda<\/td>\n<th><a href=\"https:\/\/pepm-sal.infd.edu.ar\/sitio\/wp-content\/uploads\/2020\/09\/1-a\u00f1o-PROF.-BIOLOGIA-PROGRAMACI\u00d3N-SEPTIEMBRE-FISICA-1ERA\u00d1O-FERNANDEZ-GIMENA.pdf\">1 a\u00f1o PROF. BIOLOGIA-PROGRAMACI\u00d3N SEPTIEMBRE-FISICA 1ERA\u00d1O-FERNANDEZ GIMENA<\/a><\/th>\n<th><\/th>\n<th><\/th>\n<th><\/th>\n<th><\/th>\n<th><\/th>\n<\/tr>\n<tr>\n<td>1\u00ba<\/td>\n<td>ADELMA YANES<\/td>\n<td>Pr\u00e1ctica Docente I: Contexto, Comunidad y Escuela<\/td>\n<th><\/th>\n<th><\/th>\n<th><\/th>\n<th><\/th>\n<th><\/th>\n<th><\/th>\n<\/tr>\n<tr>\n<td>2\u00ba<\/td>\n<td><\/td>\n<td>Sociolog\u00eda de la Educaci\u00f3n<\/td>\n<th><\/th>\n<th><\/th>\n<th><\/th>\n<th><\/th>\n<th><\/th>\n<th><\/th>\n<\/tr>\n<tr>\n<td>2\u00ba<\/td>\n<td>ROSANA VAZQUEZ<\/td>\n<td>Historia Argentina y Latinoam\u00e9rica<\/td>\n<th><\/th>\n<th><\/th>\n<th><\/th>\n<th><\/th>\n<th><\/th>\n<th><\/th>\n<\/tr>\n<tr>\n<td>2\u00ba<\/td>\n<td>GRACIELA SANDOVAL<\/td>\n<td>Tecnolog\u00eda de la Informaci\u00f3n y Comunicaci\u00f3n Tics<\/td>\n<th><a href=\"https:\/\/pepm-sal.infd.edu.ar\/sitio\/wp-content\/uploads\/2020\/09\/2-a\u00f1o-PROF-BIOLOGIA-TICS-2-A\u00d1O-PROF.-GRACIELA-SANDOVAL.docx\">2 a\u00f1o PROF BIOLOGIA TICS 2 A\u00d1O PROF. GRACIELA SANDOVAL<\/a><\/th>\n<th><\/th>\n<th><\/th>\n<th><\/th>\n<th><\/th>\n<th><\/th>\n<\/tr>\n<tr>\n<td>2\u00ba<\/td>\n<td>ARIEL MU\u00d1OZ<\/td>\n<td>Sujetos de la Educaci\u00f3n<\/td>\n<th><\/th>\n<th><\/th>\n<th><\/th>\n<th><\/th>\n<th><\/th>\n<th><\/th>\n<\/tr>\n<tr>\n<td>2\u00ba<\/td>\n<td>CAROLINA YA\u00d1EZ<\/td>\n<td>Morfolog\u00eda y Diversidad Vegetal<\/td>\n<th><a href=\"https:\/\/pepm-sal.infd.edu.ar\/sitio\/wp-content\/uploads\/2020\/10\/PROF-BIOLOGIA-PROGRAMACION-SETIEMBRE-MOROFLOGIA-Y-DIVERSIDAD-VEGETAL-2-A\u00d1O-PROF.-YA\u00d1EZ.pdf\">PROF BIOLOGIA PROGRAMACION SETIEMBRE MOROFLOGIA Y DIVERSIDAD VEGETAL 2 A\u00d1O PROF. YA\u00d1EZ<\/a><\/th>\n<th><\/th>\n<th><\/th>\n<th><\/th>\n<th><\/th>\n<th><\/th>\n<\/tr>\n<tr>\n<td>2\u00ba<\/td>\n<td>ROSANA VAZQUEZ<\/td>\n<td>Ciencias de la Tierra<\/td>\n<th><\/th>\n<th><\/th>\n<th><\/th>\n<th><\/th>\n<th><\/th>\n<th><\/th>\n<\/tr>\n<tr>\n<td>2\u00ba<\/td>\n<td>VANINA PEREYRA<\/td>\n<td>Qu\u00edmica Org\u00e1nica y Biolog\u00eda<\/td>\n<th><a href=\"https:\/\/pepm-sal.infd.edu.ar\/sitio\/wp-content\/uploads\/2020\/09\/2-a\u00f1o-PROF.-BIOLOGIA-PROGRAMACION-SEPTIEMBRE-QUIMICA-ORGANICA-Y-BIOLOGICA-2\u00b0-A\u00d1O-PROF.-PEREYRA-VANINA.pdf\">2 a\u00f1o PROF. BIOLOGIA PROGRAMACION SEPTIEMBRE QUIMICA ORGANICA Y BIOLOGICA 2\u00b0 A\u00d1O PROF. PEREYRA VANINA<\/a><\/th>\n<th><\/th>\n<th><\/th>\n<th><\/th>\n<th><\/th>\n<th><\/th>\n<\/tr>\n<tr>\n<td>2\u00ba<\/td>\n<td>CAROLINA YA\u00d1EZ<\/td>\n<td>Did\u00e1ctica de la Biolog\u00eda y de las Ciencias Naturales<\/td>\n<th><a href=\"https:\/\/pepm-sal.infd.edu.ar\/sitio\/wp-content\/uploads\/2020\/10\/PROF.-BIOLOGIA.-PROGRAMACION-SETIEMBRE.-DID\u00c1CTICA-DE-LA-BIOLOGIA-Y-LAS-CIENCIAS-NATURALES.-2-A\u00d1O-YA\u00d1EZ-CAROLINA-.pdf\">PROF. BIOLOGIA. PROGRAMACION SETIEMBRE. DID\u00c1CTICA DE LA BIOLOGIA Y LAS CIENCIAS NATURALES. 2 A\u00d1O YA\u00d1EZ CAROLINA<\/a><\/th>\n<th><\/th>\n<th><\/th>\n<th><\/th>\n<th><\/th>\n<th><\/th>\n<\/tr>\n<tr>\n<td>2\u00ba<\/td>\n<td>BEATRIZ VEGA<\/p>\n<p>ADELMA YANES<\/td>\n<td>Pr\u00e1ctica Docente II: Gesti\u00f3n Institucional, Curriculum y<\/td>\n<th><a href=\"https:\/\/pepm-sal.infd.edu.ar\/sitio\/wp-content\/uploads\/2020\/10\/Prof.-en-BIOLOGIA-Pr\u00e1ctica-Docente-II-Periodo-Planificado-03-al-24-SEPTIEMBRE-Cuadro-Programaci\u00f3n.docx\">Prof. en BIOLOGIA Pr\u00e1ctica Docente II Periodo Planificado 03 al 24 SEPTIEMBRE Cuadro Programaci\u00f3n<\/a><\/p>\n<p>&nbsp;<\/p>\n<p><a href=\"https:\/\/pepm-sal.infd.edu.ar\/sitio\/wp-content\/uploads\/2020\/10\/Prof.-en-BIOLOGIA-Pr\u00e1ctica-Docente-II-Periodo-Planificado-03-al-24-SEPTIEMBRE-Cuadro-Programaci\u00f3n-1.docx\">Prof. en BIOLOGIA Pr\u00e1ctica Docente II Periodo Planificado 03 al 24 SEPTIEMBRE Cuadro Programaci\u00f3n<\/a><\/th>\n<th><\/th>\n<th><\/th>\n<th><\/th>\n<th><\/th>\n<th><\/th>\n<\/tr>\n<tr>\n<td>3\u00ba<\/td>\n<td><\/td>\n<td>Historia Y Pol\u00edtica de la Educaci\u00f3n Argentina<\/td>\n<th><\/th>\n<th><\/th>\n<th><\/th>\n<th><\/th>\n<th><\/th>\n<th><\/th>\n<\/tr>\n<tr>\n<td>3\u00ba<\/td>\n<td><\/td>\n<td>Filosof\u00eda<\/td>\n<th><a href=\"https:\/\/pepm-sal.infd.edu.ar\/sitio\/wp-content\/uploads\/2020\/09\/3-A\u00d1O-PROF.-BIOLOG\u00cdA-CARTILLA-DE-FILOSOF\u00cdA-2020-FERREYRA-EDGARDO..pdf\">3 A\u00d1O PROF. BIOLOG\u00cdA-CARTILLA DE FILOSOF\u00cdA-2020-FERREYRA EDGARDO.<\/a><\/p>\n<p>&nbsp;<\/p>\n<p><a href=\"https:\/\/pepm-sal.infd.edu.ar\/sitio\/wp-content\/uploads\/2020\/10\/PROF.-BIOLOG\u00cdA-PROG.-SEPT-FILOSOF\u00cdA-A\u00d1O-2020-FERREYRA-EDGARDO..pdf\">PROF. BIOLOG\u00cdA-PROG. SEPT-FILOSOF\u00cdA-A\u00d1O 2020-FERREYRA EDGARDO.<\/a><\/th>\n<th><\/th>\n<th><\/th>\n<th><\/th>\n<th><\/th>\n<th><\/th>\n<\/tr>\n<tr>\n<td>3\u00ba<\/td>\n<td>MARTIN MATORRAS<\/td>\n<td>Inclusi\u00f3n Educativa en el Nivel Secundario<\/td>\n<th><\/th>\n<th><\/th>\n<th><\/th>\n<th><\/th>\n<th><\/th>\n<th><\/th>\n<\/tr>\n<tr>\n<td>3\u00ba<\/td>\n<td>FEDERICO ARIAS<\/td>\n<td>Morfolog\u00eda y Diversidad Animal<\/td>\n<th><\/th>\n<th><\/th>\n<th><\/th>\n<th><\/th>\n<th><\/th>\n<th><\/th>\n<\/tr>\n<tr>\n<td>3\u00ba<\/td>\n<td>CAROLINA YA\u00d1EZ<\/td>\n<td>Gen\u00e9tica<\/td>\n<th><a href=\"https:\/\/pepm-sal.infd.edu.ar\/sitio\/wp-content\/uploads\/2020\/10\/PROF.-BIOLOGIA-PROGRAMACION-SETIEMBRE.-GENETICA-3-A\u00d1O.-PROF.-YA\u00d1EZ-CAROLINA-.pdf\">PROF. BIOLOGIA PROGRAMACION SETIEMBRE. GENETICA 3 A\u00d1O. PROF. YA\u00d1EZ CAROLINA<\/a><\/th>\n<th><\/th>\n<th><\/th>\n<th><\/th>\n<th><\/th>\n<th><\/th>\n<\/tr>\n<tr>\n<td>3\u00ba<\/td>\n<td>FEDERICO ARIAS<\/td>\n<td>Biolog\u00eda Celular y Molecular<\/td>\n<th><\/th>\n<th><\/th>\n<th><\/th>\n<th><\/th>\n<th><\/th>\n<th><\/th>\n<\/tr>\n<tr>\n<td>3\u00ba<\/td>\n<td>CLAUDIA GOMEZ<\/td>\n<td>Fisiolog\u00eda Vegetal<\/td>\n<th><a href=\"https:\/\/pepm-sal.infd.edu.ar\/sitio\/wp-content\/uploads\/2020\/09\/3-a\u00f1o-1.Biolog\u00eda.-Fisio-vegetal.-C.G\u00f3mez.-Act.-clase-1-segundo-cuatrimestre..docx\">3 a\u00f1o 1.Biolog\u00eda. Fisio vegetal. C.G\u00f3mez. Act. clase 1 segundo cuatrimestre.<\/a><\/th>\n<th><\/th>\n<th><\/th>\n<th><\/th>\n<th><\/th>\n<th><\/th>\n<\/tr>\n<tr>\n<td>3\u00ba<\/td>\n<td>CAROLINA YA\u00d1EZ<\/p>\n<p>NATALIA AUTINO<\/td>\n<td>Pr\u00e1ctica Docente III: Pr\u00e1cticas de Ense\u00f1anza<\/td>\n<th><a href=\"https:\/\/pepm-sal.infd.edu.ar\/sitio\/wp-content\/uploads\/2020\/10\/PROF.-BIOLOGIA-PROGRAMACION-SETIEMBRE-PRACTICA-III-TALLER-TICS-3-A\u00d1O.-PORF-YA\u00d1EZ-PRF-VERA.pdf\">PROF. BIOLOGIA PROGRAMACION SETIEMBRE PRACTICA III-TALLER TICS 3 A\u00d1O. PORF YA\u00d1EZ PRF VERA<\/a><\/th>\n<th><\/th>\n<th><\/th>\n<th><\/th>\n<th><\/th>\n<th><\/th>\n<\/tr>\n<tr>\n<td>3\u00ba<\/td>\n<td><\/td>\n<td>Microbiolog\u00eda Y Micolog\u00eda<\/td>\n<th><\/th>\n<th><\/th>\n<th><\/th>\n<th><\/th>\n<th><\/th>\n<th><\/th>\n<\/tr>\n<tr>\n<td>4\u00ba<\/td>\n<td><\/td>\n<td>Formaci\u00f3n \u00c9tica y Ciudadana<\/td>\n<th><a href=\"https:\/\/pepm-sal.infd.edu.ar\/sitio\/wp-content\/uploads\/2020\/10\/PROF.-BIOLOG\u00cdA-PROG.-SEPT-FORMACI\u00d3N-\u00c9TICA-Y-CIUDADANA-A\u00d1O-2020-FERREYRA-EDGARDO..pdf\">PROF. BIOLOG\u00cdA-PROG. SEPT-FORMACI\u00d3N \u00c9TICA Y CIUDADANA-A\u00d1O 2020-FERREYRA EDGARDO.<\/a><\/th>\n<th><\/th>\n<th><\/th>\n<th><\/th>\n<th><\/th>\n<th><\/th>\n<\/tr>\n<tr>\n<td>4\u00ba<\/td>\n<td>NATALIA AUTINO<\/td>\n<td>Educaci\u00f3n Sexual Integral<\/td>\n<th><\/th>\n<th><\/th>\n<th><\/th>\n<th><\/th>\n<th><\/th>\n<th><\/th>\n<\/tr>\n<tr>\n<td>4\u00ba<\/td>\n<td>DIEGO LOPEZ SPHAR<\/td>\n<td>Problem\u00e1ticas de la Ense\u00f1anza de la Biolog\u00eda<\/td>\n<th><\/th>\n<th><\/th>\n<th><\/th>\n<th><\/th>\n<th><\/th>\n<th><\/th>\n<\/tr>\n<tr>\n<td>4\u00ba<\/td>\n<td>ROLANDO VERA<\/td>\n<td>Evoluci\u00f3n<\/td>\n<th><a href=\"https:\/\/pepm-sal.infd.edu.ar\/sitio\/wp-content\/uploads\/2020\/10\/PROF.-BIOLOGIA-PROGRAMACION-SEPTIEMBRE-EVOLUCI\u00d3N-ROLANDO-VERA.docx\">PROF. BIOLOGIA PROGRAMACION SEPTIEMBRE EVOLUCI\u00d3N ROLANDO VERA<\/a><\/th>\n<th><\/th>\n<th><\/th>\n<th><\/th>\n<th><\/th>\n<th><\/th>\n<\/tr>\n<tr>\n<td>4\u00ba<\/td>\n<td>DIEGO LOPEZ SPHAR<\/td>\n<td>Ecolog\u00eda y Etolog\u00eda<\/td>\n<th><a href=\"https:\/\/pepm-sal.infd.edu.ar\/sitio\/wp-content\/uploads\/2020\/09\/4-a\u00f1o-PROF.-BIOLOGIA-LECTURA-OBLIGATORIA-12-ECOLOGIA-Y-ETOLOGIA-4\u00ba-A\u00d1O-PROF.-LOPEZ-SPAHR.pdf\">4 a\u00f1o PROF. BIOLOGIA LECTURA OBLIGATORIA 12 ECOLOGIA Y ETOLOGIA 4\u00ba A\u00d1O PROF. LOPEZ SPAHR<\/a><\/p>\n<p><a href=\"https:\/\/pepm-sal.infd.edu.ar\/sitio\/wp-content\/uploads\/2020\/09\/4-a\u00f1o-PROF.-BIOLOGIA-LECTURA-OBLIGATORIA-13-ECOLOGIA-Y-ETOLOGIA-4\u00ba-A\u00d1O-PROF.-LOPEZ-SPAHR.pdf\">4 a\u00f1o PROF. BIOLOGIA LECTURA OBLIGATORIA 13 ECOLOGIA Y ETOLOGIA 4\u00ba A\u00d1O PROF. LOPEZ SPAHR<\/a><\/p>\n<p><a href=\"https:\/\/pepm-sal.infd.edu.ar\/sitio\/wp-content\/uploads\/2020\/09\/4-a\u00f1o-PROF.-BIOLOGIA-PROGRAMACION-SEPTIEMBRE-ECOLOGIA-Y-ETOLOGIA-4\u00ba-A\u00d1O-PROF.-LOPEZ-SPAHR.docx\">4 a\u00f1o PROF. BIOLOGIA PROGRAMACION SEPTIEMBRE ECOLOGIA Y ETOLOGIA 4\u00ba A\u00d1O PROF. LOPEZ SPAHR<\/a><\/th>\n<th><\/th>\n<th><\/th>\n<th><\/th>\n<th><\/th>\n<th><\/th>\n<\/tr>\n<tr>\n<td>4\u00ba<\/td>\n<td>DANIELA VAZQUEZ<\/td>\n<td>Fisiolog\u00eda Humana y Animal<\/td>\n<th><a href=\"https:\/\/pepm-sal.infd.edu.ar\/sitio\/wp-content\/uploads\/2020\/09\/4-A\u00d1O-PROF.-BIOLOGIA-PROGRAMACI\u00d3N-SEPTIEMBRE-FISIOLOG\u00cdA-HUMANA-Y-ANIMAL-PROF-VAZQUEZ-DANIELA.doc\">4 A\u00d1O PROF. BIOLOGIA, PROGRAMACI\u00d3N SEPTIEMBRE, FISIOLOG\u00cdA HUMANA Y ANIMAL PROF VAZQUEZ DANIELA<\/a><\/th>\n<th><\/th>\n<th><\/th>\n<th><\/th>\n<th><\/th>\n<th><\/th>\n<\/tr>\n<tr>\n<td>4\u00ba<\/td>\n<td>CLAUDIA BORJA<\/td>\n<td>Educaci\u00f3n Sanitaria y Ambiental<\/td>\n<th><\/th>\n<th><\/th>\n<th><\/th>\n<th><\/th>\n<th><\/th>\n<th><\/th>\n<\/tr>\n<tr>\n<td>4\u00ba<\/td>\n<td>FERNANEZ GIMENA<\/td>\n<td>Investigaci\u00f3n Cient\u00edfica en el Contexto Escolar<\/td>\n<th><a href=\"https:\/\/pepm-sal.infd.edu.ar\/sitio\/wp-content\/uploads\/2020\/09\/4-a\u00f1o-PROF.-BIOLOGIA-PROGRAMACI\u00d3N-SEPTIEMBRE-INVEST-CIENTIFICA-4TOA\u00d1O-FERNANDEZ-GIMENA.pdf\">4 a\u00f1o PROF. BIOLOGIA-PROGRAMACI\u00d3N SEPTIEMBRE-INVEST CIENTIFICA 4TOA\u00d1O-FERNANDEZ GIMENA<\/a><\/th>\n<th><\/th>\n<th><\/th>\n<th><\/th>\n<th><\/th>\n<th><\/th>\n<\/tr>\n<tr>\n<td>4\u00ba<\/td>\n<td><\/td>\n<td>Epistemolog\u00eda de la Cs. Naturales e Historia de la Biolog\u00eda<\/td>\n<th><a href=\"https:\/\/pepm-sal.infd.edu.ar\/sitio\/wp-content\/uploads\/2020\/09\/PROF.-BIOLOG\u00cdA-CARTILLA-DE-EPISTEMOLOG\u00cdA-DE-LAS-CIENCIAS-NATURALES-2020-FERREYRA-EDGARDO..pdf\">PROF. BIOLOG\u00cdA-CARTILLA DE EPISTEMOLOG\u00cdA DE LAS CIENCIAS NATURALES-2020-FERREYRA EDGARDO.<\/a><\/p>\n<p>&nbsp;<\/p>\n<p><a href=\"https:\/\/pepm-sal.infd.edu.ar\/sitio\/wp-content\/uploads\/2020\/10\/PROF.-BIOLOG\u00cdA-PROG.-SEPT-EPISTEMOLOG\u00cdA-DE-LAS-CIENCIAS-NATURALES-E-HISTORA-DE-LA-BIOLOG\u00cdA-A\u00d1O-2020-FERREYRA-EDGARDO..pdf\">PROF. BIOLOG\u00cdA-PROG. SEPT-EPISTEMOLOG\u00cdA DE LAS CIENCIAS NATURALES E HISTORA DE LA BIOLOG\u00cdA-A\u00d1O 2020-FERREYRA EDGARDO.<\/a><\/th>\n<th><\/th>\n<th><\/th>\n<th><\/th>\n<th><\/th>\n<th><\/th>\n<\/tr>\n<tr>\n<td>4\u00ba<\/td>\n<td>CAROLINA YA\u00d1EZ<\/p>\n<p>ESTELA BARRIONUEVO<\/td>\n<td>Pr\u00e1ctica Docente IV: Residencia<\/td>\n<th><a href=\"https:\/\/pepm-sal.infd.edu.ar\/sitio\/wp-content\/uploads\/2020\/10\/PROF-BIOLOGIA-PROGRAMACION-SETIEMBRE-PRACTICA-IV-TALLER-SISTEMATIZACI\u00d3N-DE-LAS-EPXPERIENCIAS-4-A\u00d1O-PORF.-YA\u00d1EZ-Y-PROF.-BARRIONUEVO.docx.pdf\">PROF BIOLOGIA PROGRAMACION SETIEMBRE PRACTICA IV-TALLER SISTEMATIZACI\u00d3N DE LAS EPXPERIENCIAS 4 A\u00d1O PORF. YA\u00d1EZ Y PROF. BARRIONUEVO.docx<\/a><\/th>\n<th><\/th>\n<th><\/th>\n<th><\/th>\n<th><\/th>\n<th><\/th>\n<\/tr>\n<\/tbody>\n<\/table>\n","protected":false},"excerpt":{"rendered":"<p>Curso Profe Materia Actividades (SETIEMBRE) 1\u00ba ARIEL MU\u00d1OZ Pedagog\u00eda 1\u00ba NATALIA AUTINO Did\u00e1ctica Gral. 1 a\u00f1o PROFE EN BIOLOG\u00cdA-PROGRAMACI\u00d3N SEPTIEMBRE- DIDACTICA GRAL- 1ER A\u00d1O- NATALIA AUTINO &nbsp; 1 ro PROF BIOLOG\u00cdA- PROGRAMACION SEPTIEMBRE 1-DICATICA GENERAL 1RO- NATALIA AUTINO 1\u00ba Psicolog\u00eda Educacional 1\u00ba JOSE MEVORAS Lectura y Escritura Acad\u00e9mica 1 a\u00f1o Prof.Biolog\u00eda_Programamci\u00f3n septiembre_Lectura y escritura_1er a\u00f1o_Prof. &#8230; <a title=\"Actividades NO presenciales &#8211; BIOLOGIA (SETIEMBRE)\" class=\"read-more\" href=\"https:\/\/pepm-sal.infd.edu.ar\/sitio\/profesorado-de-buiologia-setiembre\/\" aria-label=\"More on Actividades NO presenciales &#8211; BIOLOGIA (SETIEMBRE)\">[+]<\/a><\/p>\n","protected":false},"author":10,"featured_media":0,"parent":0,"menu_order":0,"comment_status":"closed","ping_status":"closed","template":"","meta":[],"acf":[],"_links":{"self":[{"href":"https:\/\/pepm-sal.infd.edu.ar\/sitio\/wp-json\/wp\/v2\/pages\/2213"}],"collection":[{"href":"https:\/\/pepm-sal.infd.edu.ar\/sitio\/wp-json\/wp\/v2\/pages"}],"about":[{"href":"https:\/\/pepm-sal.infd.edu.ar\/sitio\/wp-json\/wp\/v2\/types\/page"}],"author":[{"embeddable":true,"href":"https:\/\/pepm-sal.infd.edu.ar\/sitio\/wp-json\/wp\/v2\/users\/10"}],"replies":[{"embeddable":true,"href":"https:\/\/pepm-sal.infd.edu.ar\/sitio\/wp-json\/wp\/v2\/comments?post=2213"}],"version-history":[{"count":24,"href":"https:\/\/pepm-sal.infd.edu.ar\/sitio\/wp-json\/wp\/v2\/pages\/2213\/revisions"}],"predecessor-version":[{"id":2274,"href":"https:\/\/pepm-sal.infd.edu.ar\/sitio\/wp-json\/wp\/v2\/pages\/2213\/revisions\/2274"}],"wp:attachment":[{"href":"https:\/\/pepm-sal.infd.edu.ar\/sitio\/wp-json\/wp\/v2\/media?parent=2213"}],"curies":[{"name":"wp","href":"https:\/\/api.w.org\/{rel}","templated":true}]}}