{"id":738,"date":"2018-08-31T15:18:01","date_gmt":"2018-08-31T18:18:01","guid":{"rendered":"https:\/\/pepm-sal.infd.edu.ar\/sitio\/resoluciones-disposiciones\/"},"modified":"2022-08-31T21:29:52","modified_gmt":"2022-09-01T00:29:52","slug":"resoluciones-disposiciones","status":"publish","type":"page","link":"https:\/\/pepm-sal.infd.edu.ar\/sitio\/resoluciones-disposiciones\/","title":{"rendered":"Resoluciones \/ Disposiciones"},"content":{"rendered":"<p>link al Reglamento Acad\u00e9mico Marco (RAM) que se implementa en los \u00a0Institutos de Educaci\u00f3n Superior dependientes de la Direcci\u00f3n General de Eduacaci\u00f3n Superior y de Educaci\u00f3n Privada<\/p>\n<p><a href=\"http:\/\/edusalta.gov.ar\/index.php\/docentes\/normativa-educativa\/reglamentos\/3670-reglamento-academico-marco-ram-institutos-de-educacion-superior\/file\">RAM: Reglamento Acad\u00e9mico Marco<\/a><\/p>\n<h1 style=\"text-align: center;\"><span style=\"font-family: 'book antiqua', palatino; font-size: 12pt;\">Dise\u00f1os Curriculares de las Carreras que se dictan en nuestra Instituci\u00f3n<\/span><\/h1>\n<table>\n<tbody>\n<tr>\n<td width=\"466\"><strong>Nombre de la carrera<\/strong><\/td>\n<td width=\"466\"><strong>N\u00b0 de Resoluci\u00f3n<\/strong><\/td>\n<\/tr>\n<tr>\n<td rowspan=\"2\" width=\"466\">Profesorado de Educaci\u00f3n Secundaria en Biolog\u00eda<\/td>\n<td width=\"466\">Resoluci\u00f3n 510\/14<\/p>\n<p><a href=\"http:\/\/www.edusalta.gov.ar\/index.php\/docentes\/normativa-educativa\/resoluciones\/3647-res-min-n-510-14\">Resoluci\u00f3n 510\/14<\/a><\/td>\n<\/tr>\n<tr>\n<td width=\"466\"><a href=\"http:\/\/www.edusalta.gov.ar\/index.php\/docentes\/normativa-educativa\/resoluciones\/2536-res-min-no-4132-14-1\/file\">Correlatividades 4132<\/a><\/td>\n<\/tr>\n<tr>\n<td width=\"466\">Profesorado de Educaci\u00f3n F\u00edsica<\/td>\n<td width=\"466\">Resoluci\u00f3n 018\/10<\/p>\n<p><a href=\"http:\/\/www.edusalta.gov.ar\/index.php\/docentes\/normativa-educativa\/resoluciones\/4512-res-min-n-018-10\">Resoluci\u00f3n 018\/10<\/a><\/td>\n<\/tr>\n<tr>\n<td width=\"466\">Profesorado de Educaci\u00f3n Primaria<\/td>\n<td width=\"466\"><\/td>\n<\/tr>\n<tr>\n<td width=\"466\">Profesorado de Ingles<\/td>\n<td width=\"466\"><a href=\"https:\/\/dges-sal.infd.edu.ar\/sitio\/wp-content\/uploads\/2019\/03\/Res-1219-19-Prof-de-Ingles.pdf\">Resoluci\u00f3n 1219\/19<\/a><\/td>\n<\/tr>\n<tr>\n<td rowspan=\"2\" width=\"466\">Tecnicatura Superior en Higiene y Seguridad en el Trabajo<\/td>\n<td width=\"466\">Resoluci\u00f3n 3779\/09 y modificatoria parcial Resoluci\u00f3n 2122\/13<\/p>\n<p><a href=\"http:\/\/www.edusalta.gov.ar\/index.php\/docentes\/normativa-educativa\/resoluciones\/4600-res-min-n-3779-09\">Resoluci\u00f3n 3779 \/ 09<\/a><\/td>\n<\/tr>\n<tr>\n<td width=\"466\"><a href=\"http:\/\/www.edusalta.gov.ar\/index.php\/docentes\/normativa-educativa\/resoluciones\/2838-res-min-n-2122-13\">Modificatoria plan de estudios 2122 \/13<\/a><\/td>\n<\/tr>\n<\/tbody>\n<\/table>\n","protected":false},"excerpt":{"rendered":"<p>link al Reglamento Acad\u00e9mico Marco (RAM) que se implementa en los \u00a0Institutos de Educaci\u00f3n Superior dependientes de la Direcci\u00f3n General de Eduacaci\u00f3n Superior y de Educaci\u00f3n Privada RAM: Reglamento Acad\u00e9mico Marco Dise\u00f1os Curriculares de las Carreras que se dictan en nuestra Instituci\u00f3n Nombre de la carrera N\u00b0 de Resoluci\u00f3n Profesorado de Educaci\u00f3n Secundaria en Biolog\u00eda &#8230; <a title=\"Resoluciones \/ Disposiciones\" class=\"read-more\" href=\"https:\/\/pepm-sal.infd.edu.ar\/sitio\/resoluciones-disposiciones\/\" aria-label=\"More on Resoluciones \/ Disposiciones\">[+]<\/a><\/p>\n","protected":false},"author":347,"featured_media":0,"parent":0,"menu_order":0,"comment_status":"closed","ping_status":"closed","template":"","meta":[],"acf":[],"_links":{"self":[{"href":"https:\/\/pepm-sal.infd.edu.ar\/sitio\/wp-json\/wp\/v2\/pages\/738"}],"collection":[{"href":"https:\/\/pepm-sal.infd.edu.ar\/sitio\/wp-json\/wp\/v2\/pages"}],"about":[{"href":"https:\/\/pepm-sal.infd.edu.ar\/sitio\/wp-json\/wp\/v2\/types\/page"}],"author":[{"embeddable":true,"href":"https:\/\/pepm-sal.infd.edu.ar\/sitio\/wp-json\/wp\/v2\/users\/347"}],"replies":[{"embeddable":true,"href":"https:\/\/pepm-sal.infd.edu.ar\/sitio\/wp-json\/wp\/v2\/comments?post=738"}],"version-history":[{"count":19,"href":"https:\/\/pepm-sal.infd.edu.ar\/sitio\/wp-json\/wp\/v2\/pages\/738\/revisions"}],"predecessor-version":[{"id":3022,"href":"https:\/\/pepm-sal.infd.edu.ar\/sitio\/wp-json\/wp\/v2\/pages\/738\/revisions\/3022"}],"wp:attachment":[{"href":"https:\/\/pepm-sal.infd.edu.ar\/sitio\/wp-json\/wp\/v2\/media?parent=738"}],"curies":[{"name":"wp","href":"https:\/\/api.w.org\/{rel}","templated":true}]}}