{"id":753,"date":"2018-08-31T15:18:06","date_gmt":"2018-08-31T18:18:06","guid":{"rendered":"https:\/\/pepm-sal.infd.edu.ar\/sitio\/autoridades\/"},"modified":"2025-08-22T19:38:48","modified_gmt":"2025-08-22T22:38:48","slug":"autoridades","status":"publish","type":"page","link":"https:\/\/pepm-sal.infd.edu.ar\/sitio\/autoridades\/","title":{"rendered":"Autoridades"},"content":{"rendered":"<p><span style=\"color: #000000; font-family: 'book antiqua', palatino; font-size: 12pt;\"><span style=\"text-decoration: underline;\">Rector<\/span>:\u00a0 Profesor a cargo de rector\u00eda: Lic. Jhon Heitmann<\/span><\/p>\n<p><span style=\"color: #000000; font-family: 'book antiqua', palatino; font-size: 12pt;\"><span style=\"text-decoration: underline;\">Coordinador Padag\u00f3gico<\/span>: Lic. Claudio Acu\u00f1a<\/span><\/p>\n<p><span style=\"color: #cc6600; font-family: arial,helvetica,sans-serif; font-size: 12pt;\"><span style=\"font-family: 'book antiqua', palatino; color: #000000;\"><span style=\"text-decoration: underline;\">Secretaria<\/span>: A cargo de secretar\u00eda: Mairta Barrientos<\/span><strong><br \/>\n<\/strong><\/span><\/p>\n<p><span style=\"font-size: 12pt;\">\u00a0<\/span><\/p>\n","protected":false},"excerpt":{"rendered":"<p>Rector:\u00a0 Profesor a cargo de rector\u00eda: Lic. Jhon Heitmann Coordinador Padag\u00f3gico: Lic. Claudio Acu\u00f1a Secretaria: A cargo de secretar\u00eda: Mairta Barrientos \u00a0<\/p>\n","protected":false},"author":347,"featured_media":0,"parent":0,"menu_order":0,"comment_status":"closed","ping_status":"closed","template":"","meta":[],"acf":[],"_links":{"self":[{"href":"https:\/\/pepm-sal.infd.edu.ar\/sitio\/wp-json\/wp\/v2\/pages\/753"}],"collection":[{"href":"https:\/\/pepm-sal.infd.edu.ar\/sitio\/wp-json\/wp\/v2\/pages"}],"about":[{"href":"https:\/\/pepm-sal.infd.edu.ar\/sitio\/wp-json\/wp\/v2\/types\/page"}],"author":[{"embeddable":true,"href":"https:\/\/pepm-sal.infd.edu.ar\/sitio\/wp-json\/wp\/v2\/users\/347"}],"replies":[{"embeddable":true,"href":"https:\/\/pepm-sal.infd.edu.ar\/sitio\/wp-json\/wp\/v2\/comments?post=753"}],"version-history":[{"count":2,"href":"https:\/\/pepm-sal.infd.edu.ar\/sitio\/wp-json\/wp\/v2\/pages\/753\/revisions"}],"predecessor-version":[{"id":3096,"href":"https:\/\/pepm-sal.infd.edu.ar\/sitio\/wp-json\/wp\/v2\/pages\/753\/revisions\/3096"}],"wp:attachment":[{"href":"https:\/\/pepm-sal.infd.edu.ar\/sitio\/wp-json\/wp\/v2\/media?parent=753"}],"curies":[{"name":"wp","href":"https:\/\/api.w.org\/{rel}","templated":true}]}}